{"id":1279,"date":"2024-04-09T20:13:11","date_gmt":"2024-04-09T20:13:11","guid":{"rendered":"https:\/\/envasesyempaqueselixir.com\/?post_type=product&#038;p=1279"},"modified":"2026-04-09T13:11:20","modified_gmt":"2026-04-09T13:11:20","slug":"bolsa-doypack-transparente-500-unidades","status":"publish","type":"product","link":"https:\/\/envasesyempaqueselixir.com\/index.php\/producto\/bolsa-doypack-transparente-500-unidades\/","title":{"rendered":"Bolsa doypack transparente (500 unidades)"},"content":{"rendered":"<p><strong>Bolsa doypack transparente<\/strong><\/p>\n<p>Espesor: 160 micrones<\/p>\n<p>Estructura de la bolsa: PET + PE<\/p>\n<p>Con cierre resellable<\/p>\n<p>Marca abre f\u00e1cil<\/p>\n<p>&nbsp;<\/p>\n<table style=\"height: 800px;\" width=\"858\">\n<tbody>\n<tr>\n<td width=\"84\"><b>Tama\u00f1o (Ancho x Alto + base)<\/b><\/td>\n<td width=\"95\"><b>Capacidad\u00a0 (*)<\/b><\/td>\n<td width=\"84\"><b>Precio por 100 Unidades<\/b><\/td>\n<td width=\"84\"><b>\u00a0Precio por 500 unidades <\/b><\/td>\n<td width=\"84\"><b>\u00a0Precio por 1,000 unidades <\/b><\/td>\n<\/tr>\n<tr>\n<td style=\"text-align: center;\" width=\"84\">10&#215;15+3 cm<\/td>\n<td style=\"text-align: center;\" width=\"95\">50 g\/ 130 mL<\/td>\n<td style=\"text-align: center;\" width=\"84\">21.00<\/td>\n<td style=\"text-align: center;\" width=\"84\">95.00<\/td>\n<td style=\"text-align: center;\" width=\"84\">190.00<\/td>\n<\/tr>\n<tr>\n<td style=\"text-align: center;\" width=\"84\">12&#215;20+4 cm<\/td>\n<td style=\"text-align: center;\" width=\"95\">100 g\/ 350 mL<\/td>\n<td style=\"text-align: center;\" width=\"84\">30.00<\/td>\n<td style=\"text-align: center;\" width=\"84\">135.00<\/td>\n<td style=\"text-align: center;\" width=\"84\">270.00<\/td>\n<\/tr>\n<tr>\n<td style=\"text-align: center;\" width=\"84\">14&#215;20+3 cm<\/td>\n<td style=\"text-align: center;\" width=\"95\">200\u00a0 g\/ 500 mL<\/td>\n<td style=\"text-align: center;\" width=\"84\">35.00<\/td>\n<td style=\"text-align: center;\" width=\"84\">155.00<\/td>\n<td style=\"text-align: center;\" width=\"84\">310.00<\/td>\n<\/tr>\n<tr>\n<td style=\"text-align: center;\" width=\"84\">15&#215;22+4 cm<\/td>\n<td style=\"text-align: center;\" width=\"95\">250\u00a0 g\/ 750 mL<\/td>\n<td style=\"text-align: center;\" width=\"84\">39.00<\/td>\n<td style=\"text-align: center;\" width=\"84\">175.00<\/td>\n<td style=\"text-align: center;\" width=\"84\">350.00<\/td>\n<\/tr>\n<tr>\n<td style=\"text-align: center;\" width=\"84\">16&#215;24+4 cm<\/td>\n<td style=\"text-align: center;\" width=\"95\">250 g \/\u00a0 900 mL<\/td>\n<td style=\"text-align: center;\" width=\"84\">46.00<\/td>\n<td style=\"text-align: center;\" width=\"84\">205.00<\/td>\n<td style=\"text-align: center;\" width=\"84\">410.00<\/td>\n<\/tr>\n<tr>\n<td style=\"text-align: center;\" width=\"84\">18&#215;26+4 cm<\/td>\n<td style=\"text-align: center;\" width=\"95\">500 g\u00a0 \/\u00a0 1,3 L<\/td>\n<td style=\"text-align: center;\" width=\"84\">52.00<\/td>\n<td style=\"text-align: center;\" width=\"84\">235.00<\/td>\n<td style=\"text-align: center;\" width=\"84\">470.00<\/td>\n<\/tr>\n<tr>\n<td style=\"text-align: center;\" width=\"84\">20&#215;30+5cm<\/td>\n<td style=\"text-align: center;\" width=\"95\">800 g\/ 1.7 L<\/td>\n<td style=\"text-align: center;\" width=\"84\">61.00<\/td>\n<td style=\"text-align: center;\" width=\"84\">275.00<\/td>\n<td style=\"text-align: center;\" width=\"84\">550.00<\/td>\n<\/tr>\n<tr>\n<td style=\"text-align: center;\" width=\"84\">22&#215;32+5cm<\/td>\n<td style=\"text-align: center;\" width=\"95\">\u00a01,000 g\/ 2.5 L<\/td>\n<td style=\"text-align: center;\" width=\"84\">64.00<\/td>\n<td style=\"text-align: center;\" width=\"84\">290.00<\/td>\n<td style=\"text-align: center;\" width=\"84\">580.00<\/td>\n<\/tr>\n<tr>\n<td style=\"text-align: center;\" width=\"84\">24&#215;37+5 cm<\/td>\n<td style=\"text-align: center;\" width=\"95\">1,000 g \/ 3.5 L<\/td>\n<td style=\"text-align: center;\" width=\"84\">85.00<\/td>\n<td style=\"text-align: center;\" width=\"84\">385.00<\/td>\n<td style=\"text-align: center;\" width=\"84\">\u00a0770.00<\/td>\n<\/tr>\n<\/tbody>\n<\/table>\n<div dir=\"auto\"><span style=\"color: #ffffff;\">&lt;div&gt;<\/span><\/div>\n<div dir=\"auto\">(*) Los pesos se han calculado en base a granos de caf\u00e9 molido.<\/div>\n<div dir=\"auto\">Los precios incluyen IGV.<\/div>\n<div dir=\"auto\"><\/div>\n<div dir=\"auto\"><\/div>\n<p><strong>Pol\u00edtica de venta de empaques para alimentos:<\/strong> Por ser las bolsas un producto para uso en alimentos; y, para garantizar su inocuidad, no hay cambios ni devoluciones en estos productos. Por lo tanto, por favor, aseg\u00farese de que est\u00e1 adquiriendo el producto correcto. Agradecemos su comprensi\u00f3n.<\/p>\n<p>&nbsp;<\/p>\n","protected":false},"excerpt":{"rendered":"<p>Haga clic en cada medida\/peso para ver el precio.<\/p>\n<p>(*) Los pesos se han calculado en base a granos de caf\u00e9 molido. Consulte con nosotros.<\/p>\n","protected":false},"featured_media":110,"comment_status":"open","ping_status":"closed","template":"","meta":{"om_disable_all_campaigns":false,"_monsterinsights_skip_tracking":false,"_monsterinsights_sitenote_active":false,"_monsterinsights_sitenote_note":"","_monsterinsights_sitenote_category":0,"_uf_show_specific_survey":0,"_uf_disable_surveys":false},"product_brand":[],"product_cat":[19,162,78],"product_tag":[],"class_list":{"0":"post-1279","1":"product","2":"type-product","3":"status-publish","4":"has-post-thumbnail","6":"product_cat-bolsas-doypack","7":"product_cat-bolsas-transparentes","8":"product_cat-envases","10":"first","11":"instock","12":"shipping-taxable","13":"product-type-variable"},"aioseo_notices":[],"_links":{"self":[{"href":"https:\/\/envasesyempaqueselixir.com\/index.php\/wp-json\/wp\/v2\/product\/1279","targetHints":{"allow":["GET"]}}],"collection":[{"href":"https:\/\/envasesyempaqueselixir.com\/index.php\/wp-json\/wp\/v2\/product"}],"about":[{"href":"https:\/\/envasesyempaqueselixir.com\/index.php\/wp-json\/wp\/v2\/types\/product"}],"replies":[{"embeddable":true,"href":"https:\/\/envasesyempaqueselixir.com\/index.php\/wp-json\/wp\/v2\/comments?post=1279"}],"wp:featuredmedia":[{"embeddable":true,"href":"https:\/\/envasesyempaqueselixir.com\/index.php\/wp-json\/wp\/v2\/media\/110"}],"wp:attachment":[{"href":"https:\/\/envasesyempaqueselixir.com\/index.php\/wp-json\/wp\/v2\/media?parent=1279"}],"wp:term":[{"taxonomy":"product_brand","embeddable":true,"href":"https:\/\/envasesyempaqueselixir.com\/index.php\/wp-json\/wp\/v2\/product_brand?post=1279"},{"taxonomy":"product_cat","embeddable":true,"href":"https:\/\/envasesyempaqueselixir.com\/index.php\/wp-json\/wp\/v2\/product_cat?post=1279"},{"taxonomy":"product_tag","embeddable":true,"href":"https:\/\/envasesyempaqueselixir.com\/index.php\/wp-json\/wp\/v2\/product_tag?post=1279"}],"curies":[{"name":"wp","href":"https:\/\/api.w.org\/{rel}","templated":true}]}}